{"id":1004,"date":"2015-06-08T11:13:54","date_gmt":"2015-06-08T09:13:54","guid":{"rendered":"http:\/\/dsigrupo.com\/?page_id=1004"},"modified":"2018-09-13T16:46:20","modified_gmt":"2018-09-13T14:46:20","slug":"inicio","status":"publish","type":"page","link":"https:\/\/dsigrupo.com\/old\/","title":{"rendered":"\u00abSoluciones inmediatas\u00bb"},"content":{"rendered":"<h2>Ninguno de nosotros es tan bueno como todos nosotros juntos.<\/h2>\n<h1>Servicios Inform\u00e1ticos para Empresas<\/h1>\n<h2>Qui\u00e9nes Somos<\/h2>\n<p>DSI (Damos Soluciones Inform\u00e1ticas), somos una empresa zaragozana con m\u00e1s de 28 a\u00f1os de experiencia en el sector de los <strong>servicios inform\u00e1ticos<\/strong> para todo tipo de empresas, desde aut\u00f3nomos hasta grandes empresas. Contamos con un <a href=\"https:\/\/dsigrupo.com\/old\/\/quienes-somos\/\">equipo<\/a> formado por m\u00e1s de 15 profesionales, especializados en su sector. J\u00f3venes con talento contrastado para ayudarte a triunfar, ya que adaptamos y personalizamos cada proyecto a ra\u00edz de las necesidades del cliente.<\/p>\n<h2>Nuestros Valores<\/h2>\n<p>\t\t\t\t\t\t\t\t\t\t<img decoding=\"async\" loading=\"lazy\" width=\"512\" height=\"512\" src=\"https:\/\/dsigrupo.com\/old\/\/wp-content\/uploads\/2018\/09\/010-growth.png\" alt=\"Transparencia\" srcset=\"https:\/\/dsigrupo.com\/old\/\/wp-content\/uploads\/2018\/09\/010-growth.png 512w, https:\/\/dsigrupo.com\/old\/\/wp-content\/uploads\/2018\/09\/010-growth-150x150.png 150w, https:\/\/dsigrupo.com\/old\/\/wp-content\/uploads\/2018\/09\/010-growth-300x300.png 300w, https:\/\/dsigrupo.com\/old\/\/wp-content\/uploads\/2018\/09\/010-growth-100x100.png 100w\" sizes=\"(max-width: 512px) 100vw, 512px\" \/>\t\t\t\t\t\t\t\t\t\t\t<\/p>\n<p>Transparencia<\/p>\n<p>\t\t\t\t\t\t\t\t\t\t<img decoding=\"async\" loading=\"lazy\" width=\"512\" height=\"512\" src=\"https:\/\/dsigrupo.com\/old\/\/wp-content\/uploads\/2018\/09\/007-customer.png\" alt=\"Empat\u00eda\" srcset=\"https:\/\/dsigrupo.com\/old\/\/wp-content\/uploads\/2018\/09\/007-customer.png 512w, https:\/\/dsigrupo.com\/old\/\/wp-content\/uploads\/2018\/09\/007-customer-150x150.png 150w, https:\/\/dsigrupo.com\/old\/\/wp-content\/uploads\/2018\/09\/007-customer-300x300.png 300w, https:\/\/dsigrupo.com\/old\/\/wp-content\/uploads\/2018\/09\/007-customer-100x100.png 100w\" sizes=\"(max-width: 512px) 100vw, 512px\" \/>\t\t\t\t\t\t\t\t\t\t\t<\/p>\n<p>Empat\u00eda<\/p>\n<p>\t\t\t\t\t\t\t\t\t\t<img decoding=\"async\" loading=\"lazy\" width=\"512\" height=\"512\" src=\"https:\/\/dsigrupo.com\/old\/\/wp-content\/uploads\/2018\/09\/023-teamwork.png\" alt=\"Trabajo en equipo\" srcset=\"https:\/\/dsigrupo.com\/old\/\/wp-content\/uploads\/2018\/09\/023-teamwork.png 512w, https:\/\/dsigrupo.com\/old\/\/wp-content\/uploads\/2018\/09\/023-teamwork-150x150.png 150w, https:\/\/dsigrupo.com\/old\/\/wp-content\/uploads\/2018\/09\/023-teamwork-300x300.png 300w, https:\/\/dsigrupo.com\/old\/\/wp-content\/uploads\/2018\/09\/023-teamwork-100x100.png 100w\" sizes=\"(max-width: 512px) 100vw, 512px\" \/>\t\t\t\t\t\t\t\t\t\t\t<\/p>\n<p>Trabajo en equipo<\/p>\n<p>\t\t\t\t\t\t\t\t\t\t<img decoding=\"async\" loading=\"lazy\" width=\"512\" height=\"512\" src=\"https:\/\/dsigrupo.com\/old\/\/wp-content\/uploads\/2018\/09\/014-outsourcing.png\" alt=\"Compromiso\" srcset=\"https:\/\/dsigrupo.com\/old\/\/wp-content\/uploads\/2018\/09\/014-outsourcing.png 512w, https:\/\/dsigrupo.com\/old\/\/wp-content\/uploads\/2018\/09\/014-outsourcing-150x150.png 150w, https:\/\/dsigrupo.com\/old\/\/wp-content\/uploads\/2018\/09\/014-outsourcing-300x300.png 300w, https:\/\/dsigrupo.com\/old\/\/wp-content\/uploads\/2018\/09\/014-outsourcing-100x100.png 100w\" sizes=\"(max-width: 512px) 100vw, 512px\" \/>\t\t\t\t\t\t\t\t\t\t\t<\/p>\n<p>Compromiso<\/p>\n<h2>Qu\u00e9 Ofrecemos<\/h2>\n<p>DSI Grupo ofrece la gama m\u00e1s variada de <strong>servicios inform\u00e1ticos<\/strong> del mercado. Realizamos un acompa\u00f1amiento total a todos los emprendedores y aut\u00f3nomos. \u00bfC\u00f3mo? Ofreciendo todo lo que necesitas para la puesta en marcha de tu negocio. Nos dirigimos a toda modalidad de empresa, sea cual sea tu sector de trabajo, podemos ayudarte.<\/p>\n<h3>\n\t\t\t\t\t\t\t\tDigital Business\t\t\t\t\t\t\t<\/h3>\n<p>\t\t\t\t\t\t\tTe ayudamos a alcanzar<br \/>tu objetivo en Internet<br \/>\n\t\t\t\t\t\t\t\t\t\t<a href=\"#\"><br \/>\n\t\t\t\t\tM\u00e1s Informaci\u00f3n\t\t\t\t<\/a><\/p>\n<h3>\n\t\t\t\t\t\t\t\tEquipos Inform\u00e1ticos\t\t\t\t\t\t\t<\/h3>\n<p>\t\t\t\t\t\t\tVenta de equipos, servidores e impresoras<br \/>\n\t\t\t\t\t\t\t\t\t\t<a href=\"#\"><br \/>\n\t\t\t\t\tM\u00e1s Informaci\u00f3n\t\t\t\t<\/a><\/p>\n<h3>\n\t\t\t\t\t\t\t\tServicios Inform\u00e1ticos\t\t\t\t\t\t\t<\/h3>\n<p>\t\t\t\t\t\t\tMantenimiento y reparaci\u00f3n de equipos<br \/>\n\t\t\t\t\t\t\t\t\t\t<a href=\"#\"><br \/>\n\t\t\t\t\tM\u00e1s Informaci\u00f3n\t\t\t\t<\/a><\/p>\n<h3>\n\t\t\t\t\t\t\t\tERP y programas de gesti\u00f3n\t\t\t\t\t\t\t<\/h3>\n<p>\t\t\t\t\t\t\tVenta y dise\u00f1o de software para la gesti\u00f3n de tu empresa<br \/>\n\t\t\t\t\t\t\t\t\t\t<a href=\"#\"><br \/>\n\t\t\t\t\tM\u00e1s Informaci\u00f3n\t\t\t\t<\/a><\/p>\n<h3>\n\t\t\t\t\t\t\t\tOtros Servicios\t\t\t\t\t\t\t<\/h3>\n<p>\t\t\t\t\t\t\tConsultor\u00eda de negocio.<br \/>Formaci\u00f3n<br \/>\n\t\t\t\t\t\t\t\t\t\t<a href=\"#\"><br \/>\n\t\t\t\t\tM\u00e1s Informaci\u00f3n\t\t\t\t<\/a><\/p>\n<h2>Principales Clientes<\/h2>\n<figure><img decoding=\"async\" src=\"https:\/\/dsigrupo.com\/old\/\/wp-content\/uploads\/2018\/09\/marques-caceres-1.png\" alt=\"marques-caceres\" \/><\/figure>\n<figure><img decoding=\"async\" src=\"https:\/\/dsigrupo.com\/old\/\/wp-content\/uploads\/2018\/09\/liderlampgris.png\" alt=\"liderlampgris\" \/><\/figure>\n<figure><img decoding=\"async\" src=\"https:\/\/dsigrupo.com\/old\/\/wp-content\/uploads\/2018\/09\/mafia.png\" alt=\"mafia\" \/><\/figure>\n<figure><img decoding=\"async\" src=\"https:\/\/dsigrupo.com\/old\/\/wp-content\/uploads\/2018\/09\/paris.png\" alt=\"paris\" \/><\/figure>\n<figure><img decoding=\"async\" src=\"https:\/\/dsigrupo.com\/old\/\/wp-content\/uploads\/2018\/09\/cervezas-ambar.png\" alt=\"cervezas-ambar\" \/><\/figure>\n<figure><img decoding=\"async\" src=\"https:\/\/dsigrupo.com\/old\/\/wp-content\/uploads\/2018\/09\/estrella-damm.png\" alt=\"estrella-damm\" \/><\/figure>\n<figure><img decoding=\"async\" src=\"https:\/\/dsigrupo.com\/old\/\/wp-content\/uploads\/2018\/09\/riversound.png\" alt=\"riversound\" \/><\/figure>\n<figure><img decoding=\"async\" src=\"https:\/\/dsigrupo.com\/old\/\/wp-content\/uploads\/2018\/09\/cristalbox.png\" alt=\"cristalbox\" \/><\/figure>\n<figure><img decoding=\"async\" src=\"https:\/\/dsigrupo.com\/old\/\/wp-content\/uploads\/2018\/09\/aramon.png\" alt=\"aramon\" \/><\/figure>\n<figure><img decoding=\"async\" src=\"https:\/\/dsigrupo.com\/old\/\/wp-content\/uploads\/2018\/09\/zaragoza-turismo.png\" alt=\"zaragoza-turismo\" \/><\/figure>\n<h2>Acceso Usuarios<\/h2>\n<p>Introduce empresa, usuario y contrase\u00f1a en AON Solutions.<\/p>\n<form id=\"login\" name=\"login\" method=\"post\">\n<fieldset>\n<p>Empresa:<br \/><input id=\"fEmpresa\" type=\"text\" required=\"\" name=\"j_company\" value=\"\"><\/p>\n<p>Usuario:<br \/><input id=\"fUsuario\" type=\"text\" required=\"\" name=\"j_username\" value=\"\"><\/p>\n<p>Password:<br \/><input id=\"fPassword\" type=\"password\" required=\"\" name=\"j_password\" value=\"\"><\/p>\n<p><input type=\"submit\" value=\"Entrar\"><\/p>\n<\/fieldset>\n<\/form>\n<h2>Lo \u00faltimo en nuestro Blog<\/h2>\n","protected":false},"excerpt":{"rendered":"<p>Ninguno de nosotros es tan bueno como todos nosotros juntos. Servicios Inform\u00e1ticos para Empresas Qui\u00e9nes Somos DSI (Damos Soluciones Inform\u00e1ticas), somos una empresa zaragozana con m\u00e1s de 28 a\u00f1os de experiencia en el sector de los servicios inform\u00e1ticos para todo tipo de empresas, desde aut\u00f3nomos hasta grandes empresas. Contamos con un equipo formado por m\u00e1s &#8230; <a title=\"\u00abSoluciones inmediatas\u00bb\" class=\"read-more\" href=\"https:\/\/dsigrupo.com\/old\/\" aria-label=\"M\u00e1s en \u00abSoluciones inmediatas\u00bb\">Leer M\u00e1s<\/a><\/p>\n","protected":false},"author":1,"featured_media":0,"parent":0,"menu_order":0,"comment_status":"closed","ping_status":"closed","template":"","meta":{"generate_page_header":""},"_links":{"self":[{"href":"https:\/\/dsigrupo.com\/old\/wp-json\/wp\/v2\/pages\/1004"}],"collection":[{"href":"https:\/\/dsigrupo.com\/old\/wp-json\/wp\/v2\/pages"}],"about":[{"href":"https:\/\/dsigrupo.com\/old\/wp-json\/wp\/v2\/types\/page"}],"author":[{"embeddable":true,"href":"https:\/\/dsigrupo.com\/old\/wp-json\/wp\/v2\/users\/1"}],"replies":[{"embeddable":true,"href":"https:\/\/dsigrupo.com\/old\/wp-json\/wp\/v2\/comments?post=1004"}],"version-history":[{"count":15,"href":"https:\/\/dsigrupo.com\/old\/wp-json\/wp\/v2\/pages\/1004\/revisions"}],"predecessor-version":[{"id":1677,"href":"https:\/\/dsigrupo.com\/old\/wp-json\/wp\/v2\/pages\/1004\/revisions\/1677"}],"wp:attachment":[{"href":"https:\/\/dsigrupo.com\/old\/wp-json\/wp\/v2\/media?parent=1004"}],"curies":[{"name":"wp","href":"https:\/\/api.w.org\/{rel}","templated":true}]}}